4 and 7731036?
828
Calculate the greatest common factor of 66353712 and 5520.
1104
Calculate the highest common divisor of 554905 and 3445.
65
What is the highest common divisor of 369 and 125892099?
369
What is the highest common divisor of 244815 and 32565?
15
What is the greatest common factor of 174192 and 13908?
228
What is the highest common factor of 105039 and 1102379?
1061
What is the highest common divisor of 5221 and 1276546?
23
Calculate the greatest common factor of 2284728 and 9384.
552
What is the highest common factor of 16 and 1943408?
16
What is the highest common divisor of 2035 and 119577821?
407
What is the highest common factor of 171 and 12188595?
57
Calculate the highest common divisor of 70 and 4924178.
14
Calculate the greatest common divisor of 9604286 and 646.
34
What is the highest common divisor of 4606 and 351624343?
2303
What is the highest common factor of 288 and 2711876?
4
What is the highest common divisor of 204 and 1912959?
51
Calculate the greatest common divisor of 407832 and 456.
24
What is the greatest common factor of 21910525 and 6825?
2275
What is the highest common divisor of 884032 and 7060624?
11632
Calculate the highest common divisor of 160 and 7179020.
20
What is the highest common divisor of 201 and 1794671112?
201
What is the highest common divisor of 1772488 and 88?
8
What is the highest common factor of 64 and 2871808?
64
What is the greatest common divisor of 33114 and 802?
2
Calculate the greatest common divisor of 35740 and 53540.
20
What is the highest common divisor of 779 and 11044776?
19
Calculate the highest common factor of 348701112 and 81.
81
What is the greatest common divisor of 243270894 and 5388?
2694
Calculate the greatest common factor of 222984 and 25344.
72
Calculate the highest common factor of 82346365 and 265.
265
Calculate the highest common factor of 1402632 and 2304.
72
What is the highest common divisor of 198 and 129732570?
198
Calculate the greatest common factor of 5022270 and 12958.
418
Calculate the greatest common factor of 759564 and 1776644.
2164
What is the greatest common divisor of 1198458 and 10008?
2502
What is the greatest common divisor of 4395 and 279420?
15
What is the greatest common factor of 68290475 and 51436?
1837
What is the highest common factor of 639 and 1568177?
71
What is the greatest common factor of 2828115 and 459?
27
What is the greatest common factor of 306346 and 372898?
94
Calculate the greatest common factor of 25248 and 10392445.
263
What is the greatest common factor of 254826 and 19899?
297
What is the greatest common factor of 10854925 and 9775?
425
Calculate the greatest common divisor of 1321700 and 1600.
100
What is the greatest common divisor of 57481 and 2277226?
1223
Calculate the greatest common factor of 10205450 and 13234.
1018
Calculate the highest common factor of 1386377 and 8.
1
What is the highest common divisor of 190710 and 6162?
78
Calculate the highest common factor of 277982 and 19650.
262
What is the highest common factor of 41 and 81556?
1
What is the greatest common factor of 1093 and 175991581?
1093
Calculate the greatest common factor of 1482 and 5749818.
114
Calculate the highest common factor of 1265216 and 6148.
212
What is the greatest common divisor of 124 and 67115992?
124
What is the highest common divisor of 22158 and 75312?
18
Calculate the greatest common divisor of 53030670 and 154.
154
Calculate the highest common divisor of 21684 and 7532688.
1668
What is the greatest common divisor of 7384 and 1634136?
568
Calculate the highest common divisor of 4060 and 381176.
116
What is the highest common divisor of 4482 and 13112838?
1494
Calculate the highest common factor of 285662280 and 30.
30
Calculate the highest common divisor of 7755 and 133735140.
165
What is the highest common factor of 120994404 and 36?
12
Calculate the highest common divisor of 7788313 and 1507.
137
What is the highest common factor of 11152 and 196248?
136
Calculate the highest common divisor of 64 and 112313536.
64
What is the greatest common divisor of 365328 and 21543?
129
What is the greatest common divisor of 100207977 and 123?
123
Calculate the highest common divisor of 112196953 and 1678.
839
What is the greatest common divisor of 1507 and 56243?
11
Calculate the highest common factor of 51135 and 82635.
105
Calculate the greatest common divisor of 1326 and 49904214.
102
What is the greatest common factor of 4252 and 51984952?
4252
Calculate the highest common divisor of 611921740 and 60.
20
Calculate the highest common divisor of 82386659 and 97.
97
What is the highest common divisor of 855 and 551748315?
285
Calculate the highest common divisor of 2148 and 16308.
12
What is the greatest common divisor of 258442453 and 14242?
7121
Calculate the greatest common factor of 33587 and 19.
1
Calculate the greatest common divisor of 2596 and 7610823.
649
Calculate the greatest common divisor of 66 and 69847558.
22
What is the greatest common divisor of 153427343 and 197?
197
Calculate the greatest common divisor of 342 and 75364602.
114
What is the greatest common divisor of 4592989100 and 430?
430
Calculate the highest common factor of 29974566 and 276.
138
Calculate the highest common factor of 390148 and 2200.
44
What is the greatest common factor of 1006767 and 81?
9
Calculate the highest common divisor of 22272 and 6255213.
87
What is the greatest common divisor of 31962 and 20478?
6
Calculate the highest common factor of 6233 and 17204.
23
Calculate the greatest common factor of 4428523 and 517.
11
What is the highest common factor of 14716510 and 3710?
530
Calculate the greatest common factor of 17 and 47823091.
17
What is the highest common factor of 781122 and 165846?
1266
Calculate the highest common factor of 498279246 and 7572.
3786
Calculate the greatest common factor of 7185712 and 256.
16
Calculate the greatest common divisor of 606 and 13475622.
606
Calculate the greatest common divisor of 239583 and 13.
1
Calculate the greatest common divisor of 1351057 and 1423472.
2069
What is the highest common factor of 247792 and 38828?
68
Calculate the greatest common divisor of 313727 and 7.
1
What is the greatest common factor of 69887 and 2984586?
4111
Calculate the greatest common divisor of 720 and 297725520.
240
What is the highest common factor of 121875 and 9321?
39
Calculate the greatest common divisor of 750 and 30415875.
375
Calculate the highest common divisor of 1294238 and 5547773.
7271
What is the highest common factor of 12 and 59052508?
4
Calculate the greatest common divisor of 66145 and 1145.
5
Calculate the highest common divisor of 3501 and 86543553.
1167
Calculate the highest common factor of 188 and 80509778.
94
What is the greatest common factor of 1369890 and 666?
18
What is the highest common divisor of 23 and 1386445037?
23
Calculate the highest common divisor of 1717885 and 14231.
2033
Calculate the greatest common divisor of 352 and 6689320.
88
What is the highest common divisor of 154504 and 3908702?
1246
Calculate the highest common divisor of 552928614 and 7980.
798
What is the greatest common factor of 40 and 13826472?
8
What is the highest common divisor of 7955 and 587120?
5
What is the highest common factor of 2685 and 932073585?
2685
What is the highest common divisor of 345 and 4946380?
115
What is the greatest common divisor of 7709230 and 53915?
205
What is the highest common factor of 703 and 116767597?
703
Calculate the greatest common divisor of 56778908 and 2140.
428
Calculate the greatest common divisor of 27972 and 323750.
518
What is the highest common divisor of 11164080 and 1376?
16
What is the highest common divisor of 12378948 and 60?
12
What is the highest common divisor of 1585510416 and 3024?
3024
What is the highest common factor of 7215036 and 707?
101
What is the highest common divisor of 42522116 and 7?
7
What is the greatest common divisor of 2145 and 739609?
13
Calculate the greatest common factor of 114350 and 10.
10
Calculate the highest common divisor of 64625 and 32791.
11
What is the greatest common factor of 355 and 1049096?
71
What is the greatest common divisor of 363352415 and 2895?
965
What is the highest common divisor of 6479 and 4784682